{"id":26,"date":"2016-03-16T11:18:00","date_gmt":"2016-03-16T14:18:00","guid":{"rendered":"http:\/\/clubearamacan.com.br\/tuneldotempo\/?page_id=26"},"modified":"2016-03-16T11:24:26","modified_gmt":"2016-03-16T14:24:26","slug":"politica-de-privacidade","status":"publish","type":"page","link":"https:\/\/clubearamacan.com.br\/memoriasaramacan\/politica-de-privacidade\/","title":{"rendered":"Pol\u00edtica de Privacidade"},"content":{"rendered":"<p>Todas as suas informa\u00e7\u00f5es pessoais recolhidas, ser\u00e3o usadas para ajudar a tornar a sua visita no nosso site o mais produtiva e agrad\u00e1vel poss\u00edvel.<\/p>\n<p>A garantia da confidencialidade dos dados pessoais dos utilizadores do nosso site \u00e9 importante para o Clube Atl\u00e9tico Arama\u00e7an.<\/p>\n<p>Todas as informa\u00e7\u00f5es pessoais relativas a membros, assinantes, clientes ou visitantes que usem o Clube Atl\u00e9tico Arama\u00e7an ser\u00e3o tratadas em concord\u00e2ncia com a Lei da Prote\u00e7\u00e3o de Dados Pessoais de 26 de outubro de 1998 (Lei n.\u00ba 67\/98). A informa\u00e7\u00e3o pessoal recolhida pode incluir o seu nome, e-mail, n\u00famero de telefone e\/ou celular, morada, data de nascimento e\/ou outros.<\/p>\n<p>O uso do site do Clube Atl\u00e9tico Arama\u00e7an pressup\u00f5e a aceita\u00e7\u00e3o deste Acordo de privacidade. A equipe do Clube Atl\u00e9tico Arama\u00e7an reserva-se ao direito de alterar este acordo sem aviso pr\u00e9vio. Deste modo, recomendamos que consulte a nossa pol\u00edtica de privacidade com regularidade de forma a estar sempre atualizado.<\/p>\n<p>O CAA informa que utiliza recursos de remarketing e relat\u00f3rios de impress\u00f5es da Rede de Display do Google. Estes recursos utilizam cookies prim\u00e1rios (como o cookie do Google Analytics) e cookies de terceiros (como o cookie DoubleClick) em conjunto para informar, otimizar e veicular an\u00fancios com base nas visitas anteriores de algu\u00e9m ao website. Os recursos tamb\u00e9m geram relat\u00f3rios sobre como suas impress\u00f5es de an\u00fancios, outros usos de servi\u00e7os e intera\u00e7\u00f5es com essas impress\u00f5es de an\u00fancios e servi\u00e7os de an\u00fancios est\u00e3o relacionados \u00e0s visitas ao site. Caso n\u00e3o queira ser impactado pelo Google Analytics, o usu\u00e1rio pode baixar no Google Chrome o Complemento do navegador para desativa\u00e7\u00e3o do Google Analytics.<\/p>\n<p>Este Acordo de Usu\u00e1rio \u00e9 completamente regulado e interpretado de acordo com as leis brasileiras, desconsiderando qualquer conflito das provis\u00f5es legais aqui estabelecidas.<\/p>\n<p>O CAA reserva-se no direito de tomar provid\u00eancias judiciais cab\u00edveis para preserva\u00e7\u00e3o da honra e integridade do Clube, dirigentes, associados, permission\u00e1rios, patrocinadores e parceiros.<\/p>\n<p>&nbsp;<\/p>\n<h2><strong>Direitos Autorais e Marca Registrada<\/strong><\/h2>\n<p>Este Site e o Conte\u00fado especificado (como definido abaixo) s\u00e3o: Direitos autorais do Clube Atl\u00e9tico Arama\u00e7an \u2013 Todos os direitos reservados. O CAA e o logotipo do CAA s\u00e3o marcas registradas licenciadas do Clube Atl\u00e9tico Arama\u00e7an. Todas as outras marcas registradas, nomes de produto e nomes de empresas e logotipos que aparecem neste Site s\u00e3o propriedade dos seus respectivos propriet\u00e1rios. O Usu\u00e1rio tem que obter permiss\u00e3o desses propriet\u00e1rios antes de copiar ou usar as marcas registradas desses propriet\u00e1rios, nomes de produto e nomes de empresas e logotipos.<\/p>\n<p>As informa\u00e7\u00f5es, dados, software, fotografias, representa\u00e7\u00f5es, v\u00eddeos, gr\u00e1ficos, m\u00fasica, sons, cabe\u00e7alhos de p\u00e1gina, gr\u00e1ficos usuais, bot\u00f5es de \u00edcones, e outros materiais contidos neste Site (coletivamente, \u201cConte\u00fado\u201d) s\u00e3o protegidos por direitos autorais, marcas registradas, segredos de com\u00e9rcio e outros direitos de propriedade. Estes direitos s\u00e3o v\u00e1lidos e protegidos de todas as formas, m\u00eddia e tecnologias que existam atualmente, ou que sejam desenvolvidas no futuro. Al\u00e9m disso, este Site \u00e9 protegido como um trabalho coletivo sob as leis de direitos autorais vigentes e o CAA possui direitos autorais de sele\u00e7\u00e3o, coordena\u00e7\u00e3o, organiza\u00e7\u00e3o, e melhoramentos de todo o Conte\u00fado. O Usu\u00e1rio n\u00e3o pode modificar, remover, apagar, aumentar, adicionar, publicar, transmitir, participar na transfer\u00eancia ou venda de, criar trabalhos derivados de, ou de qualquer forma explorar qualquer conte\u00fado, no todo ou em parte, sem pr\u00e9via autoriza\u00e7\u00e3o do CAA.<\/p>\n<p>&nbsp;<\/p>\n<h2><strong>Conte\u00fado e Liga\u00e7\u00f5es a Sites de terceiros<\/strong><\/h2>\n<p>O Clube Atl\u00e9tico Arama\u00e7an possui liga\u00e7\u00f5es para outros sites, os quais, a nosso ver, podem conter informa\u00e7\u00f5es \/ ferramentas \u00fateis para os nossos visitantes, seja sobre shows, palestras e apresenta\u00e7\u00f5es, patroc\u00ednios, entre outros. A nossa pol\u00edtica de privacidade n\u00e3o \u00e9 aplicada a sites de terceiros, pelo que, caso visite outro site a partir do nosso dever\u00e1 ler a politica de privacidade do mesmo.<\/p>\n<p>N\u00e3o nos responsabilizamos pela pol\u00edtica de privacidade ou conte\u00fado presente nesses mesmos sites, sendo de responsabilidade exclusiva de seus idealizadores.<\/p>\n","protected":false},"excerpt":{"rendered":"<p>Todas as suas informa\u00e7\u00f5es pessoais recolhidas, ser\u00e3o usadas para ajudar a tornar a sua visita no nosso site o mais produtiva e agrad\u00e1vel poss\u00edvel. A garantia da confidencialidade dos dados pessoais dos utilizadores do nosso site \u00e9 importante para o Clube Atl\u00e9tico Arama\u00e7an. Todas as informa\u00e7\u00f5es pessoais relativas a membros, assinantes, clientes ou visitantes que&hellip;<\/p>\n","protected":false},"author":4,"featured_media":0,"parent":0,"menu_order":0,"comment_status":"closed","ping_status":"closed","template":"","meta":{"footnotes":""},"_links":{"self":[{"href":"https:\/\/clubearamacan.com.br\/memoriasaramacan\/wp-json\/wp\/v2\/pages\/26"}],"collection":[{"href":"https:\/\/clubearamacan.com.br\/memoriasaramacan\/wp-json\/wp\/v2\/pages"}],"about":[{"href":"https:\/\/clubearamacan.com.br\/memoriasaramacan\/wp-json\/wp\/v2\/types\/page"}],"author":[{"embeddable":true,"href":"https:\/\/clubearamacan.com.br\/memoriasaramacan\/wp-json\/wp\/v2\/users\/4"}],"replies":[{"embeddable":true,"href":"https:\/\/clubearamacan.com.br\/memoriasaramacan\/wp-json\/wp\/v2\/comments?post=26"}],"version-history":[{"count":3,"href":"https:\/\/clubearamacan.com.br\/memoriasaramacan\/wp-json\/wp\/v2\/pages\/26\/revisions"}],"predecessor-version":[{"id":31,"href":"https:\/\/clubearamacan.com.br\/memoriasaramacan\/wp-json\/wp\/v2\/pages\/26\/revisions\/31"}],"wp:attachment":[{"href":"https:\/\/clubearamacan.com.br\/memoriasaramacan\/wp-json\/wp\/v2\/media?parent=26"}],"curies":[{"name":"wp","href":"https:\/\/api.w.org\/{rel}","templated":true}]}}